or of 1517450688?
True
Does 1484 divide 11452573?
False
Is 3035963642 a multiple of 5284?
False
Is 38 a factor of 22443940?
True
Is 124 a factor of 1138745568?
True
Is 4 a factor of 51422953?
False
Is 83028 a multiple of 51?
True
Is 12 a factor of 79872873?
False
Is 977671296 a multiple of 64?
True
Is 5 a factor of 78237487?
False
Is 173164259 a multiple of 1549?
True
Is 593 a factor of 28433757?
True
Is 482 a factor of 770979244?
True
Is 1972 a factor of 1559524454?
False
Does 27 divide 50690637?
True
Does 10 divide 87952530?
True
Is 1214 a factor of 74447336?
True
Does 87 divide 75126305?
False
Is 2 a factor of 351672284?
True
Is 27 a factor of 951247476?
True
Does 2687 divide 93931262?
False
Does 7 divide 26788228?
False
Does 6 divide 29071782?
True
Does 44 divide 108663698?
False
Does 2353 divide 67739525?
False
Is 95368160 a multiple of 4145?
True
Is 41 a factor of 10918956?
True
Does 133 divide 483134696?
False
Is 73 a factor of 59505784?
False
Is 1092041466 a multiple of 536?
False
Is 281565147 a multiple of 2?
False
Is 14 a factor of 2791401680?
False
Does 22 divide 516336?
False
Is 6496377 a multiple of 407?
False
Is 216506505 a multiple of 645?
True
Is 16200476 a multiple of 29?
False
Is 608785254 a multiple of 558?
True
Is 531 a factor of 3484013835?
False
Is 42644000 a multiple of 100?
True
Is 1136 a factor of 3195262416?
True
Does 42 divide 3055220616?
True
Is 114 a factor of 366471240?
True
Is 25820314 a multiple of 21?
False
Is 312 a factor of 46662036?
False
Is 44087820 a multiple of 6?
True
Is 543694211 a multiple of 8555?
False
Does 2456 divide 228656056?
True
Is 588 a factor of 1771492884?
True
Is 6 a factor of 355969347?
False
Is 673519549 a multiple of 4459?
False
Is 568 a factor of 24938608?
True
Does 2933 divide 610580208?
True
Is 16 a factor of 307353344?
True
Does 36 divide 422660157?
False
Is 40 a factor of 38400033?
False
Is 3660480 a multiple of 96?
True
Does 514 divide 551883856?
True
Is 360 a factor of 191161262?
False
Is 222 a factor of 1276491120?
True
Does 270 divide 475726778?
False
Does 6 divide 574459338?
True
Is 12 a factor of 84150417?
False
Is 80 a factor of 117399600?
True
Is 27342645 a multiple of 55?
True
Is 41017340 a multiple of 310?
True
Is 6784550 even?
True
Is 295 a factor of 93256580?
True
Is 131 a factor of 373979062?
True
Is 15 a factor of 64461330?
True
Does 898 divide 22493104?
True
Is 22 a factor of 15646486?
False
Is 6 a factor of 4092642?
True
Does 178 divide 44257386?
True
Is 736836 a multiple of 4?
True
Does 54 divide 23294563?
False
Is 113 a factor of 1992336561?
True
Is 379686840 a multiple of 4170?
True
Is 45774455 a multiple of 2?
False
Does 8 divide 454881474?
False
Is 422 a factor of 37919232?
True
Is 92029893 a multiple of 5?
False
Does 185 divide 13401697?
False
Is 30832512 a multiple of 49?
False
Does 113 divide 1464973923?
True
Is 53138210 a multiple of 563?
False
Does 118 divide 207291349?
False
Is 40 a factor of 1375899120?
True
Is 24108761 a multiple of 193?
False
Is 11188452 a multiple of 4?
True
Is 19 a factor of 116541497?
True
Does 43 divide 21134285?
True
Does 2 divide 44234854?
True
Does 216 divide 32166504?
True
Does 71 divide 703873153?
False
Is 79 a factor of 342883216?
False
Is 11789874 a multiple of 20?
False
Is 2874784 a multiple of 25?
False
Does 351 divide 2668589820?
True
Does 326 divide 23355792?
False
Does 169 divide 29522610?
True
Is 1624780547 a multiple of 14?
False
Is 20794254 a multiple of 1301?
False
Is 2631 a factor of 7801577?
False
Does 90 divide 16297380?
True
Is 4652 a factor of 120376750?
False
Is 112 a factor of 1595432720?
True
Is 4356066480 a multiple of 15?
True
Is 1563120 a multiple of 13?
True
Is 43435576 a multiple of 74?
False
Is 61466580 a multiple of 108?
True
Does 18 divide 2906300775?
False
Is 242307499 a multiple of 49?
True
Is 7003 a factor of 2584847910?
False
Is 55 a factor of 355287900?
True
Is 184 a factor of 1775784?
True
Is 71706798 a multiple of 685?
False
Is 7899036 even?
True
Does 7143 divide 1774242627?
True
Is 33 a factor of 6069082635?
True
Is 10491730 a multiple of 1590?
False
Does 288 divide 239321807?
False
Is 8102968284 a multiple of 13?
False
Is 78837750 a multiple of 225?
True
Is 8180 a factor of 173849540?
True
Is 1444 a factor of 106061800?
True
Is 859977848 a multiple of 469?
False
Is 3988613792 a multiple of 35?
False
Is 10 a factor of 882038815?
False
Is 2088274165 a multiple of 806?
False
Is 23942968 a multiple of 367?
False
Is 39134482 a multiple of 4?
False
Is 27 a factor of 3070462345?
False
Is 10 a factor of 14156030?
True
Does 882 divide 261600344?
False
Does 11 divide 199745810?
True
Is 13727843 a multiple of 18?
False
Is 84148623 a multiple of 9?
True
Is 123 a factor of 19949493?
True
Is 68 a factor of 1508085912?
True
Is 224 a factor of 1991650?
False
Does 911 divide 67514537?
False
Does 152 divide 19462930?
False
Is 37 a factor of 441403673?
True
Is 647865223 a multiple of 2?
False
Is 26 a factor of 1688043525?
False
Is 215171180 a multiple of 497?
True
Is 27243375 a multiple of 25?
True
Is 139238659 a multiple of 593?
False
Is 1846854100 a multiple of 13?
True
Is 46 a factor of 81820575?
False
Is 403 a factor of 4171333712?
True
Is 40 a factor of 4935816880?
True
Does 150 divide 1339288683?
False
Is 283 a factor of 1962039?
True
Is 48 a factor of 695217984?
True
Is 26 a factor of 3321698313?
False
Does 10 divide 121140010?
True
Is 37 a factor of 2071247830?
False
Does 158 divide 160600206?
True
Is 88678770 a multiple of 30?
True
Is 19699119 a multiple of 891?
True
Does 13 divide 222942782?
False
Does 69 divide 39275352?
True
Is 39 a factor of 456668592?
False
Does 1788 divide 17808480?
True
Does 276 divide 631113744?
True
Is 11 a factor of 42871927?
False
Does 302 divide 47277194?
True
Is 46 a factor of 1318952572?
True
Is 21370362 a multiple of 13?
True
Is 811 a factor of 182353280?
False
Does 7 divide 377994323?
True
Is 60 a factor of 167598300?
True
Is 8310 a factor of 3933120740?
False
Is 93 a factor of 205451508?
True
Does 66 divide 70355076?
True
Is 38 a factor of 8070098?
True
Is 2741532800 a multiple of 25?
True
Is 1765 a factor of 201784354?
False
Is 5664 a factor of 815168544?
True
Does 2415 divide 2950992377?
False
Is 83 a factor of 181201201?
True
Is 97200323 a multiple of 163?
True
Is 7264690005 a multiple of 15?
True
Is 66 a factor of 17301834?
True
Does 1166 divide 896644672?
True
Does 1151 divide 106644820?
False
Does 100 divide 168111398?
False
Does 36 divide 592892905?
False
Is 6484592 a multiple of 384?
False
Is 5 a factor of 3335989?
False
Is 13 a factor of 624771817?
False
Is 9387366 a multiple of 6?
True
Does 33 divide 2717713584?
False
Is 153490064 a multiple of 364?
True
Is 3549777799 a multiple of 94?
False
Does 343 divide 19193270?
False
Is 1481806168 a multiple of 12?
False
Is 70649876 a multiple of 11?
True
Is 4 a factor of 277300492?
True
Is 13327364 a multiple of 65?
False
Is 22158530 a multiple of 102?
False
Is 4 a factor of 46767620?
True
Is 24625353 a multiple of 1526?
False
Does 4595 divide 734136283?
False
Is 15 a factor of 11079960?
True
Does 12 divide 41852667?
False
Does 99 divide 8957110?
False
Is 617974568 even?
True
Is 2763198763 a multiple of 1354?
False
Is 2890519608 a multiple of 9?
False
Does 7828 divide 3862209952?
True
Is 25991669 a multiple of 4139?
False
Does 136 divide 11785956?
False
Is 547406866 a multiple of 40?
False
Is 90674478 a multiple of 486?
True
Does 178 divide 722748065?
False
Is 100621003 a multiple of 58?
False
Does 3769 divide 46478818?
False
Is 19 a factor of 7224492?
False
Is 132098969 a multiple of 9?
False
Is 11 a factor of 549604916?
False
Is 867 a factor of 16671543?
True
Is 389136954 a multiple of 2683?
True
Is 129 a factor of 3822785226?
True
Does 18 divide 62084160?
True
Is 955 a factor of 23072800?
True
Is 354182919 a multiple of 60?
False
Does 341 divide 2697444?
False
Is 240234836 a multiple of 164?
False
Is 730730 a multiple of 146?
True
Is 102 a factor of 55835514?
True
Is 14191369 a multiple of 132?
False
Is 4 a factor of 4082875?
False
Is 134715310 a multiple of 663?
False
Does 204 divide 742414?
False
Does 628 divide 30757322?
False
Does 4 divide 48085?
False
Is 17 a factor of 672576711?
False
Is 146737009 a multi